{"version":"1.0","provider_name":"\u00c9let egy betegs\u00e9gen t\u00fal","provider_url":"https:\/\/hdminoseg.cafeblog.hu","author_name":"dora_","author_url":"https:\/\/hdminoseg.cafeblog.hu\/author\/vermedve\/","title":"napi okos","html":"<p>\"A gy\u00f3gyul\u00f3 ember tekintete az igazi: elkezd l\u00e1tni. L\u00e1tja, azt, hogy h\u00e1ny csoda \u00e9s milyen szenved\u00e9s kell ahhoz, hogy az ember kim\u00e1sszon a pokolb\u00f3l, felt\u00e1madjon a hal\u00e1lb\u00f3l. (...) Akit megcsap a muland\u00f3s\u00e1g szele, r\u00e1j\u00f6n, milyen csoda \u00e9lni.\"<\/p>\r\n<p>M\u00fcller P\u00e9ter<\/p>\r\n<p>Am\u00fagy nem rajongok sem \u00e9rte, sam Paulo Coelho-\u00e9rt, de ez az\u00e9rt t\u00fckr\u00f6s n\u00e9mi igazs\u00e1got.<\/p>\r\n<p>&nbsp;<\/p>\r\n<p>&nbsp;<\/p>\r\n<p>&nbsp;<\/p>\r\n<p>&nbsp;<\/p>\r\n<p>&nbsp;<\/p>\r\n<p><a href=\"https:\/\/hdminoseg.cafeblog.hu\/files\/2015\/07\/43f6457101c14fcc76bf1250a206c82c.jpg\"><img class=\"  wp-image-36 aligncenter\" src=\"https:\/\/hdminoseg.cafeblog.hu\/files\/2015\/07\/43f6457101c14fcc76bf1250a206c82c-200x300.jpg\" alt=\"43f6457101c14fcc76bf1250a206c82c\" width=\"308\" height=\"462\" \/><\/a><\/p>","type":"rich"}

Élet egy betegségen túl

<p>"A gyógyuló ember tekintete az igazi: elkezd látni. Látja, azt, hogy hány csoda és milyen szenvedés kell ahhoz, hogy az ember kimásszon a pokolból, feltámadjon a halálból. (...) Akit megcsap a mulandóság szele, rájön, milyen csoda élni."</p>
<p>Müller Péter</p>
<p>Amúgy nem rajongok sem érte, sam Paulo Coelho-ért, de ez azért tükrös némi igazságot.</p>
<p>&nbsp;</p>
<p>&nbsp;</p>
<p>&nbsp;</p>
<p>&nbsp;</p>
<p>&nbsp;</p>
<p><a href="https://hdminoseg.cafeblog.hu/files/2015/07/43f6457101c14fcc76bf1250a206c82c.jpg"><img class="  wp-image-36 aligncenter" src="https://hdminoseg.cafeblog.hu/files/2015/07/43f6457101c14fcc76bf1250a206c82c-200x300.jpg" alt="43f6457101c14fcc76bf1250a206c82c" width="308" height="462" /></a></p>
